{"id":128,"date":"2022-11-24T15:15:30","date_gmt":"2022-11-24T14:15:30","guid":{"rendered":"http:\/\/www.activelife34.fr\/?page_id=128"},"modified":"2025-07-04T14:52:01","modified_gmt":"2025-07-04T12:52:01","slug":"nos-evenements","status":"publish","type":"page","link":"https:\/\/www.activelife34.fr\/index.php\/nos-evenements\/","title":{"rendered":"Nos \u00e9v\u00e9nements"},"content":{"rendered":"\n<div class=\"wp-block-cover is-light has-medium-font-size\" style=\"min-height:94px;aspect-ratio:unset;\"><span aria-hidden=\"true\" class=\"wp-block-cover__background has-background-dim-0 has-background-dim\" style=\"background-color:#FFF\"><\/span><div class=\"wp-block-cover__inner-container is-layout-flow wp-block-cover-is-layout-flow\">\n<p class=\"has-text-align-center has-nv-text-dark-bg-color has-nv-site-bg-background-color has-text-color has-background has-link-color has-x-large-font-size wp-elements-9c717ca6f40ba38dace767f12073701e\"><strong>NOS EVENEMENTS 2024<\/strong><\/p>\n<\/div><\/div>\n\n\n\n<hr class=\"wp-block-separator has-alpha-channel-opacity is-style-wide\"\/>\n\n\n\n<div class=\"wp-block-columns is-layout-flex wp-container-core-columns-is-layout-9d6595d7 wp-block-columns-is-layout-flex\">\n<div class=\"wp-block-column is-layout-flow wp-block-column-is-layout-flow\">\n<p class=\"has-text-align-center has-neve-link-color-color has-nv-site-bg-background-color has-text-color has-background has-link-color wp-elements-a37e3dfd7634623ac70c9b193af3ce56\"><strong>F\u00eate des 34 Voisins<\/strong><\/p>\n\n\n\n<div class=\"wp-block-group is-vertical is-content-justification-center is-layout-flex wp-container-core-group-is-layout-0472769e wp-block-group-is-layout-flex\">\n<p class=\"has-text-align-center has-neve-text-color-color has-text-color has-link-color wp-elements-7ea65a9a12ce31a81874c8a44ee4981e\">Date : <em>29 <\/em>juin 2025 de 12h00 \u00e0 19h00<\/p>\n\n\n\n<p class=\"has-text-align-center\">Lieux : Jardin 34 fleurs Rue Nouveau Fort<\/p>\n<\/div>\n<\/div>\n\n\n\n<div class=\"wp-block-column is-layout-flow wp-block-column-is-layout-flow\">\n<p class=\"has-text-align-center has-neve-link-color-color has-nv-site-bg-background-color has-text-color has-background has-link-color wp-elements-90320079721eb91547eafbbd0da19b30\"><strong>March\u00e9 aux Puces<\/strong><\/p>\n\n\n\n<div class=\"wp-block-group is-vertical is-content-justification-center is-layout-flex wp-container-core-group-is-layout-4b2eccd6 wp-block-group-is-layout-flex\">\n<p><em>Date :  16 Ao\u00fbt 2025 de 10h \u00e0 17h<\/em><\/p>\n\n\n\n<p><em>Lieux : Rues du Nouveau Fort et Vieil Fort<\/em><\/p>\n<\/div>\n<\/div>\n\n\n\n<div class=\"wp-block-column is-layout-flow wp-block-column-is-layout-flow\">\n<p class=\"has-text-align-center has-neve-link-color-color has-nv-site-bg-background-color has-text-color has-background has-link-color wp-elements-3bf61704cd175895d71a78a5a2334749\"><strong>Festival 34<\/strong><\/p>\n\n\n\n<div class=\"wp-block-group is-vertical is-content-justification-center is-layout-flex wp-container-core-group-is-layout-4b2eccd6 wp-block-group-is-layout-flex\">\n<p><em>Date : 16 ao\u00fbt 2025 \u00e0 partir de 14h00<\/em><\/p>\n\n\n\n<p><em>Lieux : Stade Michel T\u00eatu Divion<\/em> <\/p>\n<\/div>\n<\/div>\n<\/div>\n\n\n\n<div class=\"wp-block-columns is-layout-flex wp-container-core-columns-is-layout-9d6595d7 wp-block-columns-is-layout-flex\">\n<div class=\"wp-block-column is-layout-flow wp-block-column-is-layout-flow\">\n<figure class=\"wp-block-image size-full\"><img loading=\"lazy\" decoding=\"async\" width=\"1414\" height=\"2000\" src=\"https:\/\/www.activelife34.fr\/wp-content\/uploads\/2025\/05\/FDV-2025.png\" alt=\"\" class=\"wp-image-580\" srcset=\"https:\/\/www.activelife34.fr\/wp-content\/uploads\/2025\/05\/FDV-2025.png 1414w, https:\/\/www.activelife34.fr\/wp-content\/uploads\/2025\/05\/FDV-2025-212x300.png 212w, https:\/\/www.activelife34.fr\/wp-content\/uploads\/2025\/05\/FDV-2025-724x1024.png 724w, https:\/\/www.activelife34.fr\/wp-content\/uploads\/2025\/05\/FDV-2025-768x1086.png 768w, https:\/\/www.activelife34.fr\/wp-content\/uploads\/2025\/05\/FDV-2025-1086x1536.png 1086w\" sizes=\"auto, (max-width: 1414px) 100vw, 1414px\" \/><\/figure>\n<\/div>\n\n\n\n<div class=\"wp-block-column is-layout-flow wp-block-column-is-layout-flow\">\n<figure class=\"wp-block-image size-full\"><img loading=\"lazy\" decoding=\"async\" width=\"1414\" height=\"2000\" src=\"https:\/\/www.activelife34.fr\/wp-content\/uploads\/2025\/07\/Marche-2.png\" alt=\"\" class=\"wp-image-604\" srcset=\"https:\/\/www.activelife34.fr\/wp-content\/uploads\/2025\/07\/Marche-2.png 1414w, https:\/\/www.activelife34.fr\/wp-content\/uploads\/2025\/07\/Marche-2-212x300.png 212w, https:\/\/www.activelife34.fr\/wp-content\/uploads\/2025\/07\/Marche-2-724x1024.png 724w, https:\/\/www.activelife34.fr\/wp-content\/uploads\/2025\/07\/Marche-2-768x1086.png 768w, https:\/\/www.activelife34.fr\/wp-content\/uploads\/2025\/07\/Marche-2-1086x1536.png 1086w\" sizes=\"auto, (max-width: 1414px) 100vw, 1414px\" \/><\/figure>\n<\/div>\n\n\n\n<div class=\"wp-block-column is-layout-flow wp-block-column-is-layout-flow\">\n<figure class=\"wp-block-image size-large\"><img loading=\"lazy\" decoding=\"async\" width=\"724\" height=\"1024\" src=\"https:\/\/www.activelife34.fr\/wp-content\/uploads\/2025\/07\/Festival-34-2-724x1024.png\" alt=\"\" class=\"wp-image-602\" srcset=\"https:\/\/www.activelife34.fr\/wp-content\/uploads\/2025\/07\/Festival-34-2-724x1024.png 724w, https:\/\/www.activelife34.fr\/wp-content\/uploads\/2025\/07\/Festival-34-2-212x300.png 212w, https:\/\/www.activelife34.fr\/wp-content\/uploads\/2025\/07\/Festival-34-2-768x1086.png 768w, https:\/\/www.activelife34.fr\/wp-content\/uploads\/2025\/07\/Festival-34-2-1086x1536.png 1086w, https:\/\/www.activelife34.fr\/wp-content\/uploads\/2025\/07\/Festival-34-2.png 1414w\" sizes=\"auto, (max-width: 724px) 100vw, 724px\" \/><\/figure>\n<\/div>\n<\/div>\n\n\n\n<div class=\"wp-block-columns is-layout-flex wp-container-core-columns-is-layout-9d6595d7 wp-block-columns-is-layout-flex\">\n<div class=\"wp-block-column is-layout-flow wp-block-column-is-layout-flow\">\n<p class=\"has-text-align-center has-neve-link-color-color has-nv-site-bg-background-color has-text-color has-background has-link-color wp-elements-1117b0e4a922f58cd2f74e242e83056b\"><strong>Summer 34 Land<\/strong><\/p>\n\n\n\n<div class=\"wp-block-group is-vertical is-content-justification-center is-layout-flex wp-container-core-group-is-layout-0472769e wp-block-group-is-layout-flex\">\n<p class=\"has-text-align-center has-neve-text-color-color has-text-color has-link-color wp-elements-006116c417cb5d50f58f4a919c66874d\">Date : Du 18 au 25 ao\u00fbt 2024<\/p>\n\n\n\n<p class=\"has-text-align-center\">Lieux : Stade Michel T\u00caTU<\/p>\n<\/div>\n<\/div>\n\n\n\n<div class=\"wp-block-column is-layout-flow wp-block-column-is-layout-flow\">\n<p class=\"has-text-align-center has-neve-link-color-color has-nv-site-bg-background-color has-text-color has-background has-link-color wp-elements-6cb3dfccf92b667c34d3d33b97269c74\"><strong>Halloween<\/strong> &#8211; <strong>Phantom Manor<\/strong><\/p>\n\n\n\n<div class=\"wp-block-group is-vertical is-content-justification-center is-layout-flex wp-container-core-group-is-layout-4b2eccd6 wp-block-group-is-layout-flex\">\n<p><em>Date :  <em>25 octobre 202<\/em>5 de 17h00 \u00e0 20h00<\/em><\/p>\n\n\n\n<p><em>Lieux : Salle Bougaham Divion<\/em><\/p>\n<\/div>\n<\/div>\n\n\n\n<div class=\"wp-block-column is-layout-flow wp-block-column-is-layout-flow\">\n<p class=\"has-text-align-center has-neve-link-color-color has-nv-site-bg-background-color has-text-color has-background has-link-color wp-elements-d0ac82fe40823feebad68a0da59e69b3\"><strong>Ev\u00e9nement #6<\/strong><\/p>\n\n\n\n<div class=\"wp-block-group is-vertical is-content-justification-center is-layout-flex wp-container-core-group-is-layout-4b2eccd6 wp-block-group-is-layout-flex\">\n<p><em>Date : non d\u00e9finit<\/em><\/p>\n\n\n\n<p><em>Lieux : non d\u00e9finit<\/em><\/p>\n<\/div>\n<\/div>\n<\/div>\n\n\n\n<div class=\"wp-block-columns is-layout-flex wp-container-core-columns-is-layout-9d6595d7 wp-block-columns-is-layout-flex\">\n<div class=\"wp-block-column is-layout-flow wp-block-column-is-layout-flow\">\n<figure class=\"wp-block-image size-full\"><img loading=\"lazy\" decoding=\"async\" width=\"1414\" height=\"2000\" src=\"http:\/\/www.activelife34.fr\/wp-content\/uploads\/2024\/02\/FLYERS-EN-COURS-DE-R2ALISATION-.png\" alt=\"\" class=\"wp-image-491\" srcset=\"https:\/\/www.activelife34.fr\/wp-content\/uploads\/2024\/02\/FLYERS-EN-COURS-DE-R2ALISATION-.png 1414w, https:\/\/www.activelife34.fr\/wp-content\/uploads\/2024\/02\/FLYERS-EN-COURS-DE-R2ALISATION--212x300.png 212w, https:\/\/www.activelife34.fr\/wp-content\/uploads\/2024\/02\/FLYERS-EN-COURS-DE-R2ALISATION--724x1024.png 724w, https:\/\/www.activelife34.fr\/wp-content\/uploads\/2024\/02\/FLYERS-EN-COURS-DE-R2ALISATION--768x1086.png 768w, https:\/\/www.activelife34.fr\/wp-content\/uploads\/2024\/02\/FLYERS-EN-COURS-DE-R2ALISATION--1086x1536.png 1086w\" sizes=\"auto, (max-width: 1414px) 100vw, 1414px\" \/><\/figure>\n<\/div>\n\n\n\n<div class=\"wp-block-column is-layout-flow wp-block-column-is-layout-flow\">\n<figure class=\"wp-block-image size-full\"><img loading=\"lazy\" decoding=\"async\" width=\"1414\" height=\"2000\" src=\"http:\/\/www.activelife34.fr\/wp-content\/uploads\/2024\/02\/FLYERS-EN-COURS-DE-R2ALISATION-1-2.png\" alt=\"\" class=\"wp-image-493\" srcset=\"https:\/\/www.activelife34.fr\/wp-content\/uploads\/2024\/02\/FLYERS-EN-COURS-DE-R2ALISATION-1-2.png 1414w, https:\/\/www.activelife34.fr\/wp-content\/uploads\/2024\/02\/FLYERS-EN-COURS-DE-R2ALISATION-1-2-212x300.png 212w, https:\/\/www.activelife34.fr\/wp-content\/uploads\/2024\/02\/FLYERS-EN-COURS-DE-R2ALISATION-1-2-724x1024.png 724w, https:\/\/www.activelife34.fr\/wp-content\/uploads\/2024\/02\/FLYERS-EN-COURS-DE-R2ALISATION-1-2-768x1086.png 768w, https:\/\/www.activelife34.fr\/wp-content\/uploads\/2024\/02\/FLYERS-EN-COURS-DE-R2ALISATION-1-2-1086x1536.png 1086w\" sizes=\"auto, (max-width: 1414px) 100vw, 1414px\" \/><\/figure>\n<\/div>\n\n\n\n<div class=\"wp-block-column is-layout-flow wp-block-column-is-layout-flow\">\n<figure class=\"wp-block-image size-large\"><img loading=\"lazy\" decoding=\"async\" width=\"724\" height=\"1024\" src=\"http:\/\/www.activelife34.fr\/wp-content\/uploads\/2024\/02\/FLYERS-EN-COURS-DE-R2ALISATION-1-2-724x1024.png\" alt=\"\" class=\"wp-image-493\" srcset=\"https:\/\/www.activelife34.fr\/wp-content\/uploads\/2024\/02\/FLYERS-EN-COURS-DE-R2ALISATION-1-2-724x1024.png 724w, https:\/\/www.activelife34.fr\/wp-content\/uploads\/2024\/02\/FLYERS-EN-COURS-DE-R2ALISATION-1-2-212x300.png 212w, https:\/\/www.activelife34.fr\/wp-content\/uploads\/2024\/02\/FLYERS-EN-COURS-DE-R2ALISATION-1-2-768x1086.png 768w, https:\/\/www.activelife34.fr\/wp-content\/uploads\/2024\/02\/FLYERS-EN-COURS-DE-R2ALISATION-1-2-1086x1536.png 1086w, https:\/\/www.activelife34.fr\/wp-content\/uploads\/2024\/02\/FLYERS-EN-COURS-DE-R2ALISATION-1-2.png 1414w\" sizes=\"auto, (max-width: 724px) 100vw, 724px\" \/><\/figure>\n<\/div>\n<\/div>\n\n\n\n<div class=\"wp-block-columns is-layout-flex wp-container-core-columns-is-layout-9d6595d7 wp-block-columns-is-layout-flex\">\n<div class=\"wp-block-column is-layout-flow wp-block-column-is-layout-flow\"><\/div>\n\n\n\n<div class=\"wp-block-column is-layout-flow wp-block-column-is-layout-flow\"><\/div>\n<\/div>\n","protected":false},"excerpt":{"rendered":"<p>F\u00eate des 34 Voisins Date : 29 juin 2025 de 12h00 \u00e0 19h00 Lieux : Jardin 34 fleurs Rue Nouveau Fort March\u00e9 aux Puces Date : 16 Ao\u00fbt 2025 de 10h \u00e0 17h Lieux : Rues du Nouveau Fort et Vieil Fort Festival 34 Date : 16 ao\u00fbt 2025 \u00e0 partir de 14h00 Lieux :&hellip;&nbsp;<a href=\"https:\/\/www.activelife34.fr\/index.php\/nos-evenements\/\" rel=\"bookmark\">Read More &raquo;<span class=\"screen-reader-text\">Nos \u00e9v\u00e9nements<\/span><\/a><\/p>\n","protected":false},"author":1,"featured_media":0,"parent":0,"menu_order":0,"comment_status":"closed","ping_status":"closed","template":"","meta":{"neve_meta_sidebar":"","neve_meta_container":"","neve_meta_enable_content_width":"","neve_meta_content_width":0,"neve_meta_title_alignment":"","neve_meta_author_avatar":"","neve_post_elements_order":"","neve_meta_disable_header":"","neve_meta_disable_footer":"","neve_meta_disable_title":"on","footnotes":""},"class_list":["post-128","page","type-page","status-publish","hentry"],"_links":{"self":[{"href":"https:\/\/www.activelife34.fr\/index.php\/wp-json\/wp\/v2\/pages\/128","targetHints":{"allow":["GET"]}}],"collection":[{"href":"https:\/\/www.activelife34.fr\/index.php\/wp-json\/wp\/v2\/pages"}],"about":[{"href":"https:\/\/www.activelife34.fr\/index.php\/wp-json\/wp\/v2\/types\/page"}],"author":[{"embeddable":true,"href":"https:\/\/www.activelife34.fr\/index.php\/wp-json\/wp\/v2\/users\/1"}],"replies":[{"embeddable":true,"href":"https:\/\/www.activelife34.fr\/index.php\/wp-json\/wp\/v2\/comments?post=128"}],"version-history":[{"count":34,"href":"https:\/\/www.activelife34.fr\/index.php\/wp-json\/wp\/v2\/pages\/128\/revisions"}],"predecessor-version":[{"id":605,"href":"https:\/\/www.activelife34.fr\/index.php\/wp-json\/wp\/v2\/pages\/128\/revisions\/605"}],"wp:attachment":[{"href":"https:\/\/www.activelife34.fr\/index.php\/wp-json\/wp\/v2\/media?parent=128"}],"curies":[{"name":"wp","href":"https:\/\/api.w.org\/{rel}","templated":true}]}}